atest common factor of o and 153.
17
Let h be 2/(3/18*4/14). Let c = 853 - 391. What is the greatest common factor of c and h?
42
Let j be ((4/5)/(-2))/((-1)/(-115)). Let o = 50 + j. Suppose -o*u = 5*w - 252, -u - 2*w + 315 = 4*u. Calculate the greatest common divisor of u and 42.
21
Let s(p) = 3 - 5 + 2*p - 7 + 4. Let w be s(6). Calculate the greatest common factor of w and 63.
7
Let u = -1791 - -6134. Calculate the highest common divisor of 43 and u.
43
Suppose 17*f - 6*f = 6754. Let n = f - 185. Calculate the greatest common divisor of n and 33.
33
Suppose -q + 2380 + 870 = 0. Calculate the highest common factor of q and 130.
130
Let t = -462 + 678. Let x be 2/10 + 4/(-20). Suppose 5*c + 72 = 3*y, 2*y - c - 48 = -x*c. What is the greatest common factor of t and y?
24
Let r be ((-324)/10)/(6/(-40)). Let j be 319/145 + -3*(-1603)/105. Calculate the greatest common factor of r and j.
24
Let x be (4144/(-70))/(-4*-5*3/(-150)). What is the highest common divisor of x and 44?
4
Let g(b) be the first derivative of 5*b**4/4 + b**3 - 13*b**2/2 - 9*b - 259. Let d be g(3). Calculate the highest common factor of 30 and d.
6
Suppose -5*d = -10 - 0. Suppose d*c = -2*c + 64. Suppose 142*b + 3*q + 37 = 143*b, 6*b = -q + 241. What is the greatest common divisor of b and c?
8
Let d = -131 + 221. Suppose -117*a = -119*a + d. What is the highest common factor of 495 and a?
45
Let d be 169 + (-2)/(-2) + 0. Let x(h) = -9*h**2 + 26*h - 6. Let s be x(3). Let p be s*(-32)/72*(-2 - -19). Calculate the greatest common divisor of p and d.
34
Suppose 152*s - 3533 = -1228 + 3319. What is the highest common divisor of s and 14689?
37
Let p be 224/(-2128) - (-534)/19. Suppose g + 5 = -5. Let n be p*1*(-5)/g. Calculate the highest common factor of 7 and n.
7
Suppose -55*h + 82*h + 76*h = 164285. Calculate the highest common factor of h and 87.
29
Let q be 15/(-20) - (-142)/8. Let j(t) = -12*t - 321. Let r be j(-31). Calculate the highest common factor of q and r.
17
Let y(w) = -3*w**3 - 3*w**2 - 2*w. Let f be y(-2). Let p = 140 + -6. Let x = p + -6. Calculate the highest common divisor of x and f.
16
Let k be ((270/12)/(78/(-65)))/(1/(-4)). Suppose 0 = -o + 5 + 45. What is the greatest common factor of o and k?
25
Let n = -62 + 75. Let m = 449 - 278. Suppose n*y - m = 453. Calculate the greatest common factor of y and 24.
24
Let c be 1 - ((-15)/35 + 25575/(-105)). Calculate the greatest common factor of 2485 and c.
35
Let j be -2*5 - (-49)/((-98)/(-1588)). Calculate the highest common factor of 1512 and j.
56
Let d = -4501 + 5892. Calculate the highest common divisor of 169 and d.
13
Let u be (3 + -7 - -2)/2 - -530. Let i be (-228)/(-23) + 46/u. What is the greatest common divisor of i and 70?
10
Suppose 45*h - 1306 = 944. What is the highest common divisor of 3675 and h?
25
Suppose -5267588 = -526*h + 3490312. Calculate the highest common divisor of h and 111.
111
Suppose 151*c = -5*c + 17160. Let u be -3 - (-1 - -2 - 48). Calculate the highest common divisor of c and u.
22
Suppose 0 = 151*y - 4646 - 154 + 874. Calculate the greatest common divisor of y and 2353.
13
Let n be (42/2)/((-9)/(-6)). Let d = -477 - -831. Suppose 11*a - 262 - d = 0. Calculate the greatest common factor of n and a.
14
Suppose 0 = 13*i - 1595 + 191. Suppose -4*b + 17 + 51 = 0. Suppose 4*p = b + 31. Calculate the highest common factor of p and i.
12
Let k(j) be the third derivative of -3*j**4/8 - 20*j**3/3 - 18*j**2 + 2*j. Let w be k(-5). Calculate the highest common factor of 15 and w.
5
Let f(q) = 685*q - 189. Let a be f(1). Calculate the greatest common divisor of a and 3038.
62
Let f(i) = -10*i + 63. Let m be f(15). Let d be (-8 - 1)/(m/638). What is the greatest common divisor of 44 and d?
22
Suppose 0*t = -4*q + 3*t + 86, 0 = 5*t - 10. Let u = q - -33. Suppose 3*f - 28 = u. Calculate the highest common factor of 7 and f.
7
Let o = -209 - -305. Let l = 105 - o. Calculate the highest common factor of 117 and l.
9
Let n be -4*((-545)/10 + 2). Let k be (-16)/(-6) - (-12)/(-18). Suppose -k*m + n = 3*m + v, 4*m - 168 = 2*v. What is the highest common divisor of 28 and m?
14
Let x = -7208 + 15162. What is the highest common divisor of 582 and x?
194
Let u be (-6)/((-126980)/(-63505) + -2). What is the highest common factor of 13 and u?
13
Suppose 0 = 22*y + 5*y + 11*y. Suppose 24*g - 29*g + 660 = y. What is the highest common divisor of 12 and g?
12
Let y be (-8928)/(-128)*24/27. What is the highest common factor of y and 18631?
31
Suppose 0 = 3*l + 14*a - 15*a - 5215, -3*l = a - 5213. What is the highest common factor of 1580 and l?
158
Suppose -193*l - 17688 = -259*l. What is the greatest common divisor of l and 3350?
134
Suppose 0 = l - 10 - 1. Suppose -2*w = 3*u + w - 1578, -4*u - 3*w + 2106 = 0. Suppose 0 = -5*h - 88 + u. What is the greatest common factor of l and h?
11
Let x be 4/(-28) + 491475/525. Calculate the highest common factor of x and 1068.
12
Suppose 0*f + 3*f - 30 = 0. Suppose -17*d + f*d + 7 = 0. Let w be (d + 1)/((-2)/(-121)). What is the greatest common factor of w and 11?
11
Suppose 0 = 43*w + 109 - 281. Suppose -w*d + 797 + 347 = 0. What is the greatest common divisor of 130 and d?
26
Let g = 458 + -1235. Let i = -762 - g. Let m(r) = r**2 - r + 45. Let f be m(0). Calculate the greatest common factor of i and f.
15
Let s be (-2)/10 + 10756/(-20). Let n = 844 + s. What is the greatest common divisor of n and 34?
34
Suppose -248 + 7928 = 20*z. Calculate the highest common factor of 264 and z.
24
Let p(l) = 86*l + 1109. Let z be p(-12). Let s = -30 + 52. What is the greatest common factor of s and z?
11
Let b(i) = -i**3 - 16*i**2 + 58*i + 13. Let j be b(-19). Let v(o) = -114*o + 196. Let l be v(j). What is the highest common factor of l and 55?
55
Let i = 14264 + -14185. Calculate the highest common divisor of 869 and i.
79
Let k(b) = 7*b + 7. Let c be k(4). Suppose 3*q + 11 = 4*q - 5*z, -z = 2*q. Let r be (q/3)/((-12)/(-252)). What is the highest common factor of r and c?
7
Let r = 6745 - 2070. What is the greatest common factor of 187 and r?
187
Suppose -3*g + 12 = 0, 2*g = 3*l + 3*g + 14. Let k = l + 30. Suppose 260*j - 415*j = -3720. What is the highest common factor of j and k?
24
Suppose 39*l = 38*l + 2359. Suppose -l*c + 2354*c = -380. Calculate the greatest common factor of 1444 and c.
76
Suppose -l + 43 - 43 = 0. Suppose -4*p - n = -41, 2*n + 8 = 2*p - l*n. Calculate the highest common factor of 15 and p.
3
Suppose 210*d + 401 = 7686 + 5735. What is the highest common divisor of 1271 and d?
31
Let z be 2/(-4 - ((-1782)/254 - -3)). Suppose 14*r - z = 55. Calculate the highest common factor of 143 and r.
13
Suppose -21*f + 2640 = 9*f. What is the greatest common factor of f and 374?
22
Suppose 4*o - 2*j = -2, -3*o - 3 + 18 = 4*j. Calculate the highest common divisor of 1369 and o.
1
Let t(y) = y - 11. Let u be t(-9). Let o be 6/((-5)/(u/(-8)))*-3. Suppose o*g - 30 = 7*g. Calculate the highest common divisor of 30 and g.
15
Let p = 27053 + -27031. Let s(k) = 2 + 2 - 2 - k. Let b be s(0). What is the highest common divisor of p and b?
2
Let j(i) = 4*i + 32. Let p = 33 - 30. Suppose -p = 4*b + 1, y + 4*b = 17. Let l be j(y). What is the highest common factor of l and 29?
29
Let w(z) = -3*z**3 + 4*z**2 + 17*z - 3. Let i be w(5). Let u = 217 + i. What is the greatest common divisor of u and 88?
8
Let f = 14 - 6. Suppose -k - 2918 = 4*a, -1090 - 1816 = 4*a - 5*k. Let p = a - -733. Calculate the greatest common factor of p and f.
4
Let q be 302 - (-11 - (-276)/23). What is the greatest common divisor of 1978 and q?
43
Let a(m) = m**3 + m**2 - m + 74. Let u be a(0). Let v = -40 + u. Let b = -271 + 509. Calculate the highest common factor of v and b.
34
Suppose -315*u = 34261 - 342646. What is the greatest common divisor of 534 and u?
89
Suppose -13*t + 17*t - 1226 = -2*g, 936 = 3*t - 4*g. What is the highest common factor of t and 3619?
77
Suppose 3*l - 48 = -l. Let j = 291 + -300. Let a be ((-27)/l)/(j/264 - 0). Calculate the greatest common factor of 22 and a.
22
Let s(l) = -l**3 - 8*l**2 - 8*l. Let w be s(-7). Let n = w - -5. Let f = -19 - -67. What is the highest common divisor of f and n?
12
Let v be (-14 - (-248)/8)*10. What is the greatest common factor of v and 3536?
3